{"id":11,"date":"2026-01-27T23:08:16","date_gmt":"2026-01-27T22:08:16","guid":{"rendered":"https:\/\/maisonduvialar.fr\/?page_id=11"},"modified":"2026-02-02T23:21:51","modified_gmt":"2026-02-02T22:21:51","slug":"la-maison","status":"publish","type":"page","link":"https:\/\/maisonduvialar.fr\/index.php\/la-maison\/","title":{"rendered":"La maison"},"content":{"rendered":"\n<hr class=\"wp-block-separator has-alpha-channel-opacity\"\/>\n\n\n\n<h2 class=\"wp-block-heading\">Une maison de charme, pens\u00e9e pour les s\u00e9jours en famille<\/h2>\n\n\n\n<hr class=\"wp-block-separator has-alpha-channel-opacity\"\/>\n\n\n\n<p>La <strong>Maison du Vialar<\/strong> est une ancienne ferme r\u00e9nov\u00e9e avec soin, situ\u00e9e dans un environnement calme et naturel, id\u00e9ale pour des vacances en famille ou entre amis.<br>Spacieuse, confortable et parfaitement \u00e9quip\u00e9e, elle offre un cadre authentique pour se retrouver, se d\u00e9tendre et profiter pleinement de la r\u00e9gion.<\/p>\n\n\n\n<figure class=\"wp-block-gallery has-nested-images columns-default is-cropped wp-block-gallery-1 is-layout-flex wp-block-gallery-is-layout-flex\">\n<figure class=\"wp-block-image size-large\"><a href=\"https:\/\/maisonduvialar.fr\/wp-content\/uploads\/2026\/02\/le-vialar_vue-generale.jpg\"><img loading=\"lazy\" decoding=\"async\" width=\"1024\" height=\"768\" data-id=\"63\" src=\"https:\/\/maisonduvialar.fr\/wp-content\/uploads\/2026\/02\/le-vialar_vue-generale-1024x768.jpg\" alt=\"\" class=\"wp-image-63\" srcset=\"https:\/\/maisonduvialar.fr\/wp-content\/uploads\/2026\/02\/le-vialar_vue-generale-1024x768.jpg 1024w, https:\/\/maisonduvialar.fr\/wp-content\/uploads\/2026\/02\/le-vialar_vue-generale-300x225.jpg 300w, https:\/\/maisonduvialar.fr\/wp-content\/uploads\/2026\/02\/le-vialar_vue-generale-768x576.jpg 768w, https:\/\/maisonduvialar.fr\/wp-content\/uploads\/2026\/02\/le-vialar_vue-generale-1536x1152.jpg 1536w, https:\/\/maisonduvialar.fr\/wp-content\/uploads\/2026\/02\/le-vialar_vue-generale.jpg 2000w\" sizes=\"auto, (max-width: 1024px) 100vw, 1024px\" \/><\/a><\/figure>\n\n\n\n<figure class=\"wp-block-image size-large\"><a href=\"https:\/\/maisonduvialar.fr\/wp-content\/uploads\/2026\/02\/le-vialar_terrasse-table-scaled.jpg\"><img loading=\"lazy\" decoding=\"async\" width=\"768\" height=\"1024\" data-id=\"62\" src=\"https:\/\/maisonduvialar.fr\/wp-content\/uploads\/2026\/02\/le-vialar_terrasse-table-768x1024.jpg\" alt=\"\" class=\"wp-image-62\" srcset=\"https:\/\/maisonduvialar.fr\/wp-content\/uploads\/2026\/02\/le-vialar_terrasse-table-768x1024.jpg 768w, https:\/\/maisonduvialar.fr\/wp-content\/uploads\/2026\/02\/le-vialar_terrasse-table-225x300.jpg 225w, https:\/\/maisonduvialar.fr\/wp-content\/uploads\/2026\/02\/le-vialar_terrasse-table-1152x1536.jpg 1152w, https:\/\/maisonduvialar.fr\/wp-content\/uploads\/2026\/02\/le-vialar_terrasse-table-1536x2048.jpg 1536w, https:\/\/maisonduvialar.fr\/wp-content\/uploads\/2026\/02\/le-vialar_terrasse-table-scaled.jpg 1920w\" sizes=\"auto, (max-width: 768px) 100vw, 768px\" \/><\/a><\/figure>\n<\/figure>\n\n\n\n<p>La maison peut accueillir <strong>jusqu\u2019\u00e0 11 personnes<\/strong>, avec <strong>5 chambres et 5 salles de bain<\/strong>, garantissant confort et intimit\u00e9 \u00e0 chacun.<\/p>\n\n\n\n<hr class=\"wp-block-separator has-alpha-channel-opacity\"\/>\n\n\n\n<h2 class=\"wp-block-heading\">Les espaces int\u00e9rieurs<\/h2>\n\n\n\n<h3 class=\"wp-block-heading\">Les chambres<\/h3>\n\n\n\n<p>Toutes les chambres sont situ\u00e9es \u00e0 l\u2019\u00e9tage et disposent de rangements complets (armoires, commodes, miroirs).<br>La literie est de qualit\u00e9, avec linge fourni et changement possible durant le s\u00e9jour. Les salles de bain sont \u00e9quip\u00e9es de serviettes en nombre suffisant.<\/p>\n\n\n\n<p>Un lit b\u00e9b\u00e9 est disponible sur demande.<\/p>\n\n\n\n<figure class=\"wp-block-gallery has-nested-images columns-default is-cropped wp-block-gallery-2 is-layout-flex wp-block-gallery-is-layout-flex\">\n<figure class=\"wp-block-image size-large\"><a href=\"https:\/\/maisonduvialar.fr\/wp-content\/uploads\/2026\/02\/le_vialar-chambre-cosy-scaled.jpg\"><img loading=\"lazy\" decoding=\"async\" width=\"768\" height=\"1024\" data-id=\"64\" src=\"https:\/\/maisonduvialar.fr\/wp-content\/uploads\/2026\/02\/le_vialar-chambre-cosy-768x1024.jpg\" alt=\"\" class=\"wp-image-64\" srcset=\"https:\/\/maisonduvialar.fr\/wp-content\/uploads\/2026\/02\/le_vialar-chambre-cosy-768x1024.jpg 768w, https:\/\/maisonduvialar.fr\/wp-content\/uploads\/2026\/02\/le_vialar-chambre-cosy-225x300.jpg 225w, https:\/\/maisonduvialar.fr\/wp-content\/uploads\/2026\/02\/le_vialar-chambre-cosy-1152x1536.jpg 1152w, https:\/\/maisonduvialar.fr\/wp-content\/uploads\/2026\/02\/le_vialar-chambre-cosy-1536x2048.jpg 1536w, https:\/\/maisonduvialar.fr\/wp-content\/uploads\/2026\/02\/le_vialar-chambre-cosy-scaled.jpg 1920w\" sizes=\"auto, (max-width: 768px) 100vw, 768px\" \/><\/a><\/figure>\n\n\n\n<figure class=\"wp-block-image size-large\"><a href=\"https:\/\/maisonduvialar.fr\/wp-content\/uploads\/2026\/02\/le-vialar_chambre-salon-scaled.jpg\"><img loading=\"lazy\" decoding=\"async\" width=\"768\" height=\"1024\" data-id=\"83\" src=\"https:\/\/maisonduvialar.fr\/wp-content\/uploads\/2026\/02\/le-vialar_chambre-salon-768x1024.jpg\" alt=\"\" class=\"wp-image-83\" srcset=\"https:\/\/maisonduvialar.fr\/wp-content\/uploads\/2026\/02\/le-vialar_chambre-salon-768x1024.jpg 768w, https:\/\/maisonduvialar.fr\/wp-content\/uploads\/2026\/02\/le-vialar_chambre-salon-225x300.jpg 225w, https:\/\/maisonduvialar.fr\/wp-content\/uploads\/2026\/02\/le-vialar_chambre-salon-1152x1536.jpg 1152w, https:\/\/maisonduvialar.fr\/wp-content\/uploads\/2026\/02\/le-vialar_chambre-salon-1536x2048.jpg 1536w, https:\/\/maisonduvialar.fr\/wp-content\/uploads\/2026\/02\/le-vialar_chambre-salon-scaled.jpg 1920w\" sizes=\"auto, (max-width: 768px) 100vw, 768px\" \/><\/a><\/figure>\n\n\n\n<figure class=\"wp-block-image size-large\"><a href=\"https:\/\/maisonduvialar.fr\/wp-content\/uploads\/2026\/02\/le-viala_chambre-deco.jpg\"><img loading=\"lazy\" decoding=\"async\" width=\"1024\" height=\"845\" data-id=\"65\" src=\"https:\/\/maisonduvialar.fr\/wp-content\/uploads\/2026\/02\/le-viala_chambre-deco-1024x845.jpg\" alt=\"\" class=\"wp-image-65\" srcset=\"https:\/\/maisonduvialar.fr\/wp-content\/uploads\/2026\/02\/le-viala_chambre-deco-1024x845.jpg 1024w, https:\/\/maisonduvialar.fr\/wp-content\/uploads\/2026\/02\/le-viala_chambre-deco-300x248.jpg 300w, https:\/\/maisonduvialar.fr\/wp-content\/uploads\/2026\/02\/le-viala_chambre-deco-768x634.jpg 768w, https:\/\/maisonduvialar.fr\/wp-content\/uploads\/2026\/02\/le-viala_chambre-deco-1536x1268.jpg 1536w, https:\/\/maisonduvialar.fr\/wp-content\/uploads\/2026\/02\/le-viala_chambre-deco.jpg 2000w\" sizes=\"auto, (max-width: 1024px) 100vw, 1024px\" \/><\/a><\/figure>\n<\/figure>\n\n\n\n<h3 class=\"wp-block-heading\">La cuisine<\/h3>\n\n\n\n<p>La grande cuisine familiale est <strong>enti\u00e8rement \u00e9quip\u00e9e<\/strong> et pens\u00e9e pour les s\u00e9jours conviviaux :<\/p>\n\n\n\n<ul class=\"wp-block-list\">\n<li>grand r\u00e9frig\u00e9rateur am\u00e9ricain<\/li>\n\n\n\n<li>four double, micro-ondes, lave-vaisselle, airfryer<\/li>\n\n\n\n<li>nombreux appareils et ustensiles pour les amateurs de cuisine<\/li>\n<\/ul>\n\n\n\n<p>Elle s\u2019ouvre sur une <strong>terrasse couverte<\/strong> avec une grande table pouvant accueillir jusqu\u2019\u00e0 <strong>14 personnes<\/strong>, ainsi qu\u2019un espace bar id\u00e9al pour les ap\u00e9ritifs.<\/p>\n\n\n\n<figure class=\"wp-block-gallery has-nested-images columns-default is-cropped wp-block-gallery-3 is-layout-flex wp-block-gallery-is-layout-flex\">\n<figure class=\"wp-block-image size-large\"><a href=\"https:\/\/maisonduvialar.fr\/wp-content\/uploads\/2026\/02\/le-vialar_cuisine.jpg\"><img loading=\"lazy\" decoding=\"async\" width=\"1024\" height=\"768\" data-id=\"66\" src=\"https:\/\/maisonduvialar.fr\/wp-content\/uploads\/2026\/02\/le-vialar_cuisine-1024x768.jpg\" alt=\"\" class=\"wp-image-66\" srcset=\"https:\/\/maisonduvialar.fr\/wp-content\/uploads\/2026\/02\/le-vialar_cuisine-1024x768.jpg 1024w, https:\/\/maisonduvialar.fr\/wp-content\/uploads\/2026\/02\/le-vialar_cuisine-300x225.jpg 300w, https:\/\/maisonduvialar.fr\/wp-content\/uploads\/2026\/02\/le-vialar_cuisine-768x576.jpg 768w, https:\/\/maisonduvialar.fr\/wp-content\/uploads\/2026\/02\/le-vialar_cuisine-1536x1152.jpg 1536w, https:\/\/maisonduvialar.fr\/wp-content\/uploads\/2026\/02\/le-vialar_cuisine.jpg 2000w\" sizes=\"auto, (max-width: 1024px) 100vw, 1024px\" \/><\/a><\/figure>\n\n\n\n<figure class=\"wp-block-image size-large\"><a href=\"https:\/\/maisonduvialar.fr\/wp-content\/uploads\/2026\/02\/le-vialar_table-bar.jpg\"><img loading=\"lazy\" decoding=\"async\" width=\"1024\" height=\"768\" data-id=\"60\" src=\"https:\/\/maisonduvialar.fr\/wp-content\/uploads\/2026\/02\/le-vialar_table-bar-1024x768.jpg\" alt=\"\" class=\"wp-image-60\" srcset=\"https:\/\/maisonduvialar.fr\/wp-content\/uploads\/2026\/02\/le-vialar_table-bar-1024x768.jpg 1024w, https:\/\/maisonduvialar.fr\/wp-content\/uploads\/2026\/02\/le-vialar_table-bar-300x225.jpg 300w, https:\/\/maisonduvialar.fr\/wp-content\/uploads\/2026\/02\/le-vialar_table-bar-768x576.jpg 768w, https:\/\/maisonduvialar.fr\/wp-content\/uploads\/2026\/02\/le-vialar_table-bar-1536x1152.jpg 1536w, https:\/\/maisonduvialar.fr\/wp-content\/uploads\/2026\/02\/le-vialar_table-bar.jpg 2000w\" sizes=\"auto, (max-width: 1024px) 100vw, 1024px\" \/><\/a><\/figure>\n<\/figure>\n\n\n\n<p>Une arri\u00e8re-cuisine \/ cellier permet de disposer d\u2019un espace de rangement et d\u2019\u00e9quipements suppl\u00e9mentaires.<\/p>\n\n\n\n<h3 class=\"wp-block-heading\">Les pi\u00e8ces de vie<\/h3>\n\n\n\n<p>La maison dispose de <strong>deux salons<\/strong>, offrant plusieurs espaces de d\u00e9tente :<\/p>\n\n\n\n<ul class=\"wp-block-list\">\n<li>un salon lumineux \u00e0 l\u2019\u00e9tage, ouvert sur une terrasse<\/li>\n\n\n\n<li>un salon au rez-de-chauss\u00e9e avec t\u00e9l\u00e9vision et acc\u00e8s direct \u00e0 la terrasse inf\u00e9rieure couverte<\/li>\n<\/ul>\n\n\n\n<p>La salle \u00e0 manger attenante permet de partager de grands repas dans une atmosph\u00e8re chaleureuse.<\/p>\n\n\n\n<figure class=\"wp-block-gallery has-nested-images columns-default is-cropped wp-block-gallery-4 is-layout-flex wp-block-gallery-is-layout-flex\">\n<figure class=\"wp-block-image size-large\"><a href=\"https:\/\/maisonduvialar.fr\/wp-content\/uploads\/2026\/02\/le-vialar_salon-bas-scaled.jpg\"><img loading=\"lazy\" decoding=\"async\" width=\"768\" height=\"1024\" data-id=\"69\" src=\"https:\/\/maisonduvialar.fr\/wp-content\/uploads\/2026\/02\/le-vialar_salon-bas-768x1024.jpg\" alt=\"\" class=\"wp-image-69\" srcset=\"https:\/\/maisonduvialar.fr\/wp-content\/uploads\/2026\/02\/le-vialar_salon-bas-768x1024.jpg 768w, https:\/\/maisonduvialar.fr\/wp-content\/uploads\/2026\/02\/le-vialar_salon-bas-225x300.jpg 225w, https:\/\/maisonduvialar.fr\/wp-content\/uploads\/2026\/02\/le-vialar_salon-bas-1152x1536.jpg 1152w, https:\/\/maisonduvialar.fr\/wp-content\/uploads\/2026\/02\/le-vialar_salon-bas-1536x2048.jpg 1536w, https:\/\/maisonduvialar.fr\/wp-content\/uploads\/2026\/02\/le-vialar_salon-bas-scaled.jpg 1920w\" sizes=\"auto, (max-width: 768px) 100vw, 768px\" \/><\/a><\/figure>\n\n\n\n<figure class=\"wp-block-image size-large\"><a href=\"https:\/\/maisonduvialar.fr\/wp-content\/uploads\/2026\/02\/le-vialar_salon-haut.jpg\"><img loading=\"lazy\" decoding=\"async\" width=\"1024\" height=\"419\" data-id=\"70\" src=\"https:\/\/maisonduvialar.fr\/wp-content\/uploads\/2026\/02\/le-vialar_salon-haut-1024x419.jpg\" alt=\"\" class=\"wp-image-70\" srcset=\"https:\/\/maisonduvialar.fr\/wp-content\/uploads\/2026\/02\/le-vialar_salon-haut-1024x419.jpg 1024w, https:\/\/maisonduvialar.fr\/wp-content\/uploads\/2026\/02\/le-vialar_salon-haut-300x123.jpg 300w, https:\/\/maisonduvialar.fr\/wp-content\/uploads\/2026\/02\/le-vialar_salon-haut-768x314.jpg 768w, https:\/\/maisonduvialar.fr\/wp-content\/uploads\/2026\/02\/le-vialar_salon-haut-1536x628.jpg 1536w, https:\/\/maisonduvialar.fr\/wp-content\/uploads\/2026\/02\/le-vialar_salon-haut.jpg 2000w\" sizes=\"auto, (max-width: 1024px) 100vw, 1024px\" \/><\/a><\/figure>\n\n\n\n<figure class=\"wp-block-image size-large\"><a href=\"https:\/\/maisonduvialar.fr\/wp-content\/uploads\/2026\/02\/le-vialar_salle_a_manger-scaled.jpg\"><img loading=\"lazy\" decoding=\"async\" width=\"768\" height=\"1024\" data-id=\"68\" src=\"https:\/\/maisonduvialar.fr\/wp-content\/uploads\/2026\/02\/le-vialar_salle_a_manger-768x1024.jpg\" alt=\"\" class=\"wp-image-68\" srcset=\"https:\/\/maisonduvialar.fr\/wp-content\/uploads\/2026\/02\/le-vialar_salle_a_manger-768x1024.jpg 768w, https:\/\/maisonduvialar.fr\/wp-content\/uploads\/2026\/02\/le-vialar_salle_a_manger-225x300.jpg 225w, https:\/\/maisonduvialar.fr\/wp-content\/uploads\/2026\/02\/le-vialar_salle_a_manger-1152x1536.jpg 1152w, https:\/\/maisonduvialar.fr\/wp-content\/uploads\/2026\/02\/le-vialar_salle_a_manger-1536x2048.jpg 1536w, https:\/\/maisonduvialar.fr\/wp-content\/uploads\/2026\/02\/le-vialar_salle_a_manger-scaled.jpg 1920w\" sizes=\"auto, (max-width: 768px) 100vw, 768px\" \/><\/a><\/figure>\n<\/figure>\n\n\n\n<hr class=\"wp-block-separator has-alpha-channel-opacity\"\/>\n\n\n\n<h2 class=\"wp-block-heading\">Les ext\u00e9rieurs<\/h2>\n\n\n\n<h3 class=\"wp-block-heading\">Jardin et terrasses<\/h3>\n\n\n\n<p>La propri\u00e9t\u00e9 est implant\u00e9e sur <strong>un terrain d\u2019environ un <\/strong>4.000 m\u00b2, enti\u00e8rement clos, entour\u00e9 de bois et de champs.<br>Plusieurs terrasses am\u00e9nag\u00e9es permettent de profiter des ext\u00e9rieurs \u00e0 toute heure de la journ\u00e9e.<\/p>\n\n\n\n<figure class=\"wp-block-gallery has-nested-images columns-default is-cropped wp-block-gallery-5 is-layout-flex wp-block-gallery-is-layout-flex\">\n<figure class=\"wp-block-image size-large\"><a href=\"https:\/\/maisonduvialar.fr\/wp-content\/uploads\/2026\/02\/le-vialar_terrasse-haut.jpg\"><img loading=\"lazy\" decoding=\"async\" width=\"1024\" height=\"768\" data-id=\"61\" src=\"https:\/\/maisonduvialar.fr\/wp-content\/uploads\/2026\/02\/le-vialar_terrasse-haut-1024x768.jpg\" alt=\"\" class=\"wp-image-61\" srcset=\"https:\/\/maisonduvialar.fr\/wp-content\/uploads\/2026\/02\/le-vialar_terrasse-haut-1024x768.jpg 1024w, https:\/\/maisonduvialar.fr\/wp-content\/uploads\/2026\/02\/le-vialar_terrasse-haut-300x225.jpg 300w, https:\/\/maisonduvialar.fr\/wp-content\/uploads\/2026\/02\/le-vialar_terrasse-haut-768x576.jpg 768w, https:\/\/maisonduvialar.fr\/wp-content\/uploads\/2026\/02\/le-vialar_terrasse-haut-1536x1152.jpg 1536w, https:\/\/maisonduvialar.fr\/wp-content\/uploads\/2026\/02\/le-vialar_terrasse-haut.jpg 2000w\" sizes=\"auto, (max-width: 1024px) 100vw, 1024px\" \/><\/a><\/figure>\n\n\n\n<figure class=\"wp-block-image size-large\"><a href=\"http:\/\/maisonduvialar.fr\/wp-content\/uploads\/2026\/02\/le-vialar_salon-pergola.jpg\"><img loading=\"lazy\" decoding=\"async\" width=\"1024\" height=\"768\" data-id=\"71\" src=\"http:\/\/maisonduvialar.fr\/wp-content\/uploads\/2026\/02\/le-vialar_salon-pergola-1024x768.jpg\" alt=\"\" class=\"wp-image-71\" srcset=\"https:\/\/maisonduvialar.fr\/wp-content\/uploads\/2026\/02\/le-vialar_salon-pergola-1024x768.jpg 1024w, https:\/\/maisonduvialar.fr\/wp-content\/uploads\/2026\/02\/le-vialar_salon-pergola-300x225.jpg 300w, https:\/\/maisonduvialar.fr\/wp-content\/uploads\/2026\/02\/le-vialar_salon-pergola-768x576.jpg 768w, https:\/\/maisonduvialar.fr\/wp-content\/uploads\/2026\/02\/le-vialar_salon-pergola-1536x1152.jpg 1536w, https:\/\/maisonduvialar.fr\/wp-content\/uploads\/2026\/02\/le-vialar_salon-pergola.jpg 2000w\" sizes=\"auto, (max-width: 1024px) 100vw, 1024px\" \/><\/a><\/figure>\n<\/figure>\n\n\n\n<p>Un potager et un jardin d\u2019herbes aromatiques sont \u00e0 disposition des voyageurs, ainsi que des arbres fruitiers en saison.<\/p>\n\n\n\n<h3 class=\"wp-block-heading\">Piscine<\/h3>\n\n\n\n<p>La piscine priv\u00e9e est <strong>enti\u00e8rement s\u00e9curis\u00e9e (norme AFNOR)<\/strong> avec portillon enfant.<br>Elle dispose :<\/p>\n\n\n\n<ul class=\"wp-block-list\">\n<li>d\u2019une partie profonde<\/li>\n\n\n\n<li>d\u2019une partie peu profonde, id\u00e9ale pour les jeux<\/li>\n<\/ul>\n\n\n\n<p>Des transats, serviettes de piscine et un pool house avec toilettes sont \u00e0 disposition.<\/p>\n\n\n\n<hr class=\"wp-block-separator has-alpha-channel-opacity\"\/>\n\n\n\n<h2 class=\"wp-block-heading\">Confort et \u00e9quipements<\/h2>\n\n\n\n<ul class=\"wp-block-list\">\n<li>Piscine priv\u00e9e<\/li>\n\n\n\n<li>Jardin priv\u00e9 enti\u00e8rement cl\u00f4tur\u00e9<\/li>\n\n\n\n<li>Wi-Fi dans toute la maison<\/li>\n\n\n\n<li>Parking sur la propri\u00e9t\u00e9<\/li>\n\n\n\n<li>Animaux accept\u00e9s (sur demande, hors lits et canap\u00e9s)<\/li>\n\n\n\n<li>Maison non-fumeur (autoris\u00e9 uniquement en ext\u00e9rieur)<\/li>\n<\/ul>\n\n\n\n<p>Un <strong>panier d\u2019accueil<\/strong> est pr\u00e9vu \u00e0 l\u2019arriv\u00e9e (vin, boissons, produits de base).<br>Un service de courses peut \u00eatre organis\u00e9 \u00e0 l\u2019avance pour plus de confort.<\/p>\n\n\n\n<hr class=\"wp-block-separator has-alpha-channel-opacity\"\/>\n\n\n\n<h2 class=\"wp-block-heading\">Situation &amp; environnement<\/h2>\n\n\n\n<p>La maison se situe \u00e0 <strong>3 minutes du village de Cadalen<\/strong>, avec commerces de proximit\u00e9 (boulangerie, pharmacie, sup\u00e9rette).<br>La ville de <strong>Gaillac<\/strong> est \u00e0 10 minutes en voiture.<\/p>\n\n\n\n<p>La r\u00e9gion offre de nombreuses activit\u00e9s :<\/p>\n\n\n\n<ul class=\"wp-block-list\">\n<li>vignobles et d\u00e9gustations<\/li>\n\n\n\n<li>march\u00e9s locaux<\/li>\n\n\n\n<li>randonn\u00e9es et activit\u00e9s de plein air<\/li>\n\n\n\n<li>visites culturelles (Albi, class\u00e9e UNESCO)<\/li>\n<\/ul>\n\n\n\n<p>Toulouse est accessible en moins d\u2019une heure, l\u2019a\u00e9roport \u00e0 environ <strong>45 minutes<\/strong>.<\/p>\n\n\n\n<hr class=\"wp-block-separator has-alpha-channel-opacity\"\/>\n\n\n\n<div class=\"wp-block-buttons is-content-justification-space-between is-layout-flex wp-container-core-buttons-is-layout-b2891da8 wp-block-buttons-is-layout-flex\">\n<div class=\"wp-block-button\"><a class=\"wp-block-button__link wp-element-button\" href=\"https:\/\/maisonduvialar.fr\/index.php\/tarifs-disponibilites\/\">Tarifs &amp; disponibilit\u00e9s<\/a><\/div>\n\n\n\n<div class=\"wp-block-button\"><a class=\"wp-block-button__link wp-element-button\" href=\"https:\/\/maisonduvialar.fr\/index.php\/reserver\/\">R\u00e9server un s\u00e9jour<\/a><\/div>\n<\/div>\n\n\n\n<p><\/p>\n","protected":false},"excerpt":{"rendered":"<p>Une maison de charme, pens\u00e9e pour les s\u00e9jours en famille La Maison du Vialar est une ancienne ferme r\u00e9nov\u00e9e avec [&hellip;]<\/p>\n","protected":false},"author":1,"featured_media":0,"parent":0,"menu_order":2,"comment_status":"closed","ping_status":"closed","template":"","meta":{"site-sidebar-layout":"default","site-content-layout":"","ast-site-content-layout":"default","site-content-style":"default","site-sidebar-style":"default","ast-global-header-display":"","ast-banner-title-visibility":"","ast-main-header-display":"","ast-hfb-above-header-display":"","ast-hfb-below-header-display":"","ast-hfb-mobile-header-display":"","site-post-title":"","ast-breadcrumbs-content":"","ast-featured-img":"","footer-sml-layout":"","ast-disable-related-posts":"","theme-transparent-header-meta":"","adv-header-id-meta":"","stick-header-meta":"","header-above-stick-meta":"","header-main-stick-meta":"","header-below-stick-meta":"","astra-migrate-meta-layouts":"default","ast-page-background-enabled":"default","ast-page-background-meta":{"desktop":{"background-color":"var(--ast-global-color-5)","background-image":"","background-repeat":"repeat","background-position":"center center","background-size":"auto","background-attachment":"scroll","background-type":"","background-media":"","overlay-type":"","overlay-color":"","overlay-opacity":"","overlay-gradient":""},"tablet":{"background-color":"","background-image":"","background-repeat":"repeat","background-position":"center center","background-size":"auto","background-attachment":"scroll","background-type":"","background-media":"","overlay-type":"","overlay-color":"","overlay-opacity":"","overlay-gradient":""},"mobile":{"background-color":"","background-image":"","background-repeat":"repeat","background-position":"center center","background-size":"auto","background-attachment":"scroll","background-type":"","background-media":"","overlay-type":"","overlay-color":"","overlay-opacity":"","overlay-gradient":""}},"ast-content-background-meta":{"desktop":{"background-color":"var(--ast-global-color-4)","background-image":"","background-repeat":"repeat","background-position":"center center","background-size":"auto","background-attachment":"scroll","background-type":"","background-media":"","overlay-type":"","overlay-color":"","overlay-opacity":"","overlay-gradient":""},"tablet":{"background-color":"var(--ast-global-color-4)","background-image":"","background-repeat":"repeat","background-position":"center center","background-size":"auto","background-attachment":"scroll","background-type":"","background-media":"","overlay-type":"","overlay-color":"","overlay-opacity":"","overlay-gradient":""},"mobile":{"background-color":"var(--ast-global-color-4)","background-image":"","background-repeat":"repeat","background-position":"center center","background-size":"auto","background-attachment":"scroll","background-type":"","background-media":"","overlay-type":"","overlay-color":"","overlay-opacity":"","overlay-gradient":""}},"footnotes":""},"class_list":["post-11","page","type-page","status-publish","hentry"],"_links":{"self":[{"href":"https:\/\/maisonduvialar.fr\/index.php\/wp-json\/wp\/v2\/pages\/11","targetHints":{"allow":["GET"]}}],"collection":[{"href":"https:\/\/maisonduvialar.fr\/index.php\/wp-json\/wp\/v2\/pages"}],"about":[{"href":"https:\/\/maisonduvialar.fr\/index.php\/wp-json\/wp\/v2\/types\/page"}],"author":[{"embeddable":true,"href":"https:\/\/maisonduvialar.fr\/index.php\/wp-json\/wp\/v2\/users\/1"}],"replies":[{"embeddable":true,"href":"https:\/\/maisonduvialar.fr\/index.php\/wp-json\/wp\/v2\/comments?post=11"}],"version-history":[{"count":12,"href":"https:\/\/maisonduvialar.fr\/index.php\/wp-json\/wp\/v2\/pages\/11\/revisions"}],"predecessor-version":[{"id":112,"href":"https:\/\/maisonduvialar.fr\/index.php\/wp-json\/wp\/v2\/pages\/11\/revisions\/112"}],"wp:attachment":[{"href":"https:\/\/maisonduvialar.fr\/index.php\/wp-json\/wp\/v2\/media?parent=11"}],"curies":[{"name":"wp","href":"https:\/\/api.w.org\/{rel}","templated":true}]}}